t be (-5)/2*12/(-10). Suppose b = t*b - 10. Suppose -b*s + 439 = 29. Is s a prime number?
False
Suppose -3*j - 5*d - 8 = -26, -6 = -j - 5*d. Let g(l) = 121*l - 27. Is g(j) composite?
True
Let x be ((-45)/2)/((-2)/260). Is 1/2 + x/10 composite?
False
Let r(z) = 27*z - 134. Is r(19) a composite number?
False
Let j = -211 + 1255. Let d = j + -517. Is d a composite number?
True
Let m(o) = 5*o - 2 + 3*o**2 - 4*o + o. Is m(-7) a prime number?
True
Is ((-1655)/(-6 - -1))/((-5)/(-145)) a composite number?
True
Let i = -8824 + 16103. Is i composite?
True
Suppose 3*a - 4*a + 5*v + 2 = 0, -4*a + 4*v + 40 = 0. Let d be 3/(33/a + -2). Suppose 5*p + 3 - 23 = 0, d*o = 4*p + 40. Is o a composite number?
True
Let j be (-10826)/(-12) + 3/(-18). Suppose 3*w - j = w. Is w a composite number?
True
Suppose 5*d = 4*d + 1194. Let m = d + -797. Is m prime?
True
Suppose 5*z - 2*r = -161, 4*z + r = 6*r - 122. Let v = 266 + z. Suppose 3*o = 5*t + 227, 5*o + 2*t = 166 + v. Is o a composite number?
False
Suppose 15917 = 4*j + q, -4*j + 3978 = -3*j - q. Is j prime?
False
Suppose -4*n = 5*a - 2987, -1205 = -2*a - 8*n + 3*n. Suppose 3*l - 3697 = -a. Is (l/4)/((-14)/(-28)) composite?
True
Suppose t - 130 + 1338 = 0. Let v = t + 1795. Is v prime?
True
Let n(c) = -605*c**3 - 2*c**2 + c. Let i be n(1). Let v = i + 237. Let o = 788 + v. Is o composite?
False
Let k(c) = 2*c - 6. Let w be k(3). Is (w - -35) + 7 + -3 a prime number?
False
Is (41696/(-8) - 6)*3/(-6) a prime number?
True
Suppose 4*c = 6*c - 4. Suppose 0 = 3*l - 9, c*l + 393 = 3*j - 786. Is j prime?
False
Let s(t) = 101*t**3 + 11*t**2 - 7*t - 2. Let d(v) = -51*v**3 - 5*v**2 + 3*v + 1. Let k(p) = 7*d(p) + 3*s(p). Let y be -1*2/((-2)/(-1)). Is k(y) prime?
True
Suppose -12*l - 6745 = -17*l. Is l composite?
True
Let z = 14 - 10. Suppose z = -9*k + 7*k. Let w(o) = -40*o**3 + 3*o**2 + 2*o + 3. Is w(k) prime?
True
Let f be (8 - -9) + -1*1. Suppose -4*m + 3*b = -9, -4*b - f + 4 = m. Suppose m = 6*g - g - 395. Is g a composite number?
False
Let d(r) = 31*r**2 + 28*r - 2. Is d(5) a prime number?
False
Suppose 3*v = 2*i - 13007, 3*i - 19637 = 3*v - 131. Is i prime?
False
Let q = -204 - -304. Let f = -43 + q. Is f prime?
False
Let q(p) = 18*p - 17. Let k be q(3). Let a = k + -22. Is a a composite number?
True
Let h(i) = 30*i**2 - 8 + 17*i + 0*i**3 - 13*i**2 + i**3. Is h(-15) a composite number?
True
Let d(z) = z**2 + 29*z - 1. Let h be d(-29). Is (h - 1) + (-12)/(-12) - -2048 a prime number?
False
Let z(m) = -28*m**3 - 5*m**2 - 10 - 5 - 20*m - m + 2. Is z(-6) a composite number?
False
Let d(n) = 693*n**2 - 13*n - 31. Is d(-3) a prime number?
False
Let g(q) = q + 9. Let f be g(0). Suppose -5*a = -5*u - 35, 2*u - f = -a + 4*u. Suppose 2*c = 3*h - 639, -3*h + 639 = -a*c + c. Is h a prime number?
False
Let b = -22298 + 49129. Is b a composite number?
True
Let s = 64414 + -15767. Is s a prime number?
True
Suppose 4*q + 5 = -7. Is (-1 + (3 - 3))/(q/771) a composite number?
False
Let u be (-10)/(-18)*15 + (-2)/(-3). Suppose 0 = -3*z + u*z - 402. Is z prime?
True
Let b(l) = l**3 - 18*l**2 + 53*l + 71. Is b(23) a composite number?
True
Let x be (-2)/(-7) + 1182/(-21). Let b = x - -12. Is (-4)/1 - (b + -18) a prime number?
False
Let c = 3273 - 1796. Is c composite?
True
Suppose 5*r = 9 + 1, -4*v - 5*r + 26 = 0. Suppose -5*m - 4*p = -2240 + 265, -v*m + 5*p = -1539. Is m a composite number?
True
Let q(y) = 52*y**2 - 3*y + 8. Is q(-3) a prime number?
False
Let l(y) = -3*y**2 - 9*y - 9. Let i be l(9). Let c = i - -832. Is c composite?
False
Let y(z) = -z + 11. Let r be y(7). Is (2/r)/(5/6310) a composite number?
False
Suppose -12*l = -87151 + 13795. Is l composite?
False
Suppose 7*j - 4*j + 36 = 0. Let y be 3*(2 + 28/j). Is 338 + (3 + -2)*y a composite number?
False
Let s(z) = z**3 - 15*z**2 + 3*z + 4. Let b(o) = -3*o**3 + 44*o**2 - 9*o - 12. Let q(r) = -4*b(r) - 11*s(r). Suppose -v + 2 + 9 = 0. Is q(v) prime?
True
Suppose -3*d - 24486 = -10*d. Suppose 5*s + 2*j = 5849, 3*s = -4*j - j + d. Is s prime?
True
Let q(z) = 129*z + 10. Let k be 12 - 1/(-3)*-9. Is q(k) composite?
False
Let x = 130 - -10701. Is x a composite number?
False
Let c(i) = 9*i + 1. Let b be c(-11). Let a = -140 - b. Is (182/(-6))/(14/a) a prime number?
False
Suppose -5 = -3*s - 4*c + 7, s + 5*c = -7. Suppose -4*q = -0 + s. Is 521*q*(-7)/14 composite?
False
Suppose 0 = 3*j - 3*f + 207, -j + 12 = f + 85. Let v = j - -31. Let u = v + 78. Is u prime?
False
Let l(t) = t**2 - 8*t - 17. Let v be l(10). Suppose 5*r - 4*r + 2*f = 21, -r - v*f = -20. Suppose 587 = 4*m + r. Is m prime?
False
Let g = 3576 + 17665. Is g a composite number?
True
Let b(h) = 40*h**2 - 13*h + 86. Let u(p) = 13*p**2 - 4*p + 29. Let i(m) = -2*b(m) + 7*u(m). Is i(-10) a prime number?
True
Suppose 2*b + b = -9. Let j(g) = -3*g - 9. Let n be j(b). Suppose -2*f - 8 = 0, -2*f + n*f = 4*w - 252. Is w a composite number?
True
Let p(l) = -1199*l - 34. Is p(-3) prime?
False
Suppose 4*y + 203 = -205. Let s = y + 70. Let f = s + 69. Is f a composite number?
False
Let u(l) = -l**2 + 2*l + 3. Let j be u(3). Suppose j = 7*w - 1099 - 1631. Let s = -44 + w. Is s prime?
False
Suppose 10*d - 24281 = 8709. Is d prime?
True
Suppose -1655*k - 354356 = -1659*k. Is k composite?
False
Suppose -6*j - 4*j + 20 = 0. Suppose 0 = j*c - 723 - 767. Is c composite?
True
Suppose 0 = -14*w + 350169 + 43637. Is w a composite number?
True
Let t be 30/(-45) + (-4)/(-6). Suppose t = -6*p + 17*p - 18623. Is p a composite number?
False
Suppose -4*s + 4*j + 40879 = -3*s, 0 = -2*j. Is s a prime number?
True
Suppose -5*x = 3*h - 128, 4*h - 6*h - 4*x + 86 = 0. Suppose h = -3*m + 584. Is m prime?
True
Let a(g) = g**2 - g - 13. Let c be a(-14). Let y = 357 - c. Suppose -u - s = -3*s - 31, 4*u + 4*s = y. Is u a composite number?
False
Suppose 5*j = -5*q - 0*j + 42495, -3*q + 2*j = -25507. Is q prime?
True
Let g be (-3)/(-5) - 35/(-25). Let s(p) = -2 + 3*p + g + 3*p**2 + 3 - 11*p. Is s(-5) prime?
False
Let g = 278 + -136. Let t = g - 63. Is t a composite number?
False
Suppose -266*b = -268*b + 82322. Is b prime?
True
Is 4899/142*(-298)/(-3) prime?
False
Let u(k) = -2*k - 328. Let x(f) = 2*f + 329. Let s(i) = i**2 - 2*i + 3. Let j be s(0). Let v(t) = j*x(t) + 2*u(t). Is v(0) a composite number?
False
Let o(s) = 2*s**3 - 4*s**2 + 3*s + 30. Is o(7) a composite number?
False
Let n(h) = h**3 - 4*h**2 - 3*h - 6. Let x be n(5). Let k be (-10)/(-1*3/6). Suppose 2*l - 4*i - 20 = 0, -x*i = 2*l + i - k. Is l a prime number?
False
Suppose 6*y - 4 = 2*y. Is (-2)/(((-6)/5937)/y) a prime number?
True
Let b = -580 - -2259. Is b prime?
False
Suppose -3*h + 5*a = -0 + 2, 3*a = h + 6. Let q(u) = -4*u**2 - h*u**2 - 4 - 2*u + 11*u**2 - 8*u. Is q(11) composite?
False
Suppose -2*s - 14 = -18. Suppose 0*g - s*r - 378 = -g, 4*g - 4*r = 1508. Let q = 717 - g. Is q prime?
False
Suppose 0 = 8*f - 3327 - 8761. Is f a composite number?
False
Let n(a) = -55*a + 466. Is n(-55) a prime number?
True
Suppose -4*j + 16 = -2*c, 4*j - 8 = -2*c - 0*c. Suppose j*g - 4*g = -9. Let q(b) = 4*b - 13. Is q(g) a prime number?
True
Let d = 61962 + -10513. Is d a composite number?
False
Suppose -30 = -k - 2*k + 5*l, -6 = 2*l. Suppose -k*f + u + 1318 + 144 = 0, 0 = -3*f - 3*u + 888. Is f composite?
False
Let v(j) = j**2 + 5*j + 2. Let p be v(-5). Suppose 0*d = p*d - 2*u - 884, -4*d = u - 1743. Is d composite?
True
Let i = -7 + -3. Let k = i + 13. Suppose k*n = n + 262. Is n a prime number?
True
Suppose -2*t + 3*g = -236 + 68, 2*g + 8 = 0. Let c(j) = -j**2 + 7*j - 6. Let r be c(5). Suppose t = r*s - s. Is s prime?
False
Suppose -5*p = -p. Let h be (1 - 0)*-1 - -3. Suppose -h*k + k + 7 = p. Is k composite?
False
Suppose -27062 + 98889 = 31*y. Is y a prime number?
False
Let s(k) = 9*k - 4. Suppose 0*d + 12 = 4*d. Suppose -f = -3*l + 5 + d, -4*f + 33 = l. Is s(f) prime?
True
Let j = 5399 + -3147. Is (j/2)/(8 + -6) prime?
True
Suppose 80 + 4 = -4*l. Let i = l - -21. Let c = 97 + i. Is c composite?
False
Let g be (16/(-20))/(5/(-850)). Suppose -8*s = -144 - g. Is s a prime number?
False
Let u = 9718 - 1351. Is u a composite number?
True
Let n = 30037 - 7670. Is n a prime number?
True
Suppose -2*c + 4*c - 28 = 0. Let i = -14 - c. Is 4/(-14) - 1492/i composite?
False
Suppose 0 = 5*g + 4*q - 20, -5*q + 1 = g - 2